the remainder when 6990948 is divided by 2095.
2028
Calculate the remainder when 1497788 is divided by 81.
17
Calculate the remainder when 409758334 is divided by 7488.
7486
What is the remainder when 2074440 is divided by 518602?
32
Calculate the remainder when 506974 is divided by 814.
666
Calculate the remainder when 593648 is divided by 39571.
83
What is the remainder when 52403 is divided by 1416?
11
What is the remainder when 27384 is divided by 1049?
110
Calculate the remainder when 5986633 is divided by 3136.
9
What is the remainder when 187263 is divided by 332?
15
Calculate the remainder when 205152 is divided by 22450.
3102
Calculate the remainder when 72719 is divided by 72592.
127
Calculate the remainder when 7504697 is divided by 32.
25
Calculate the remainder when 32186375 is divided by 1038270.
5
Calculate the remainder when 1303138 is divided by 113.
22
What is the remainder when 441525403 is divided by 8563?
8560
Calculate the remainder when 495681 is divided by 5842.
4953
Calculate the remainder when 195433167 is divided by 3346.
3345
Calculate the remainder when 191086 is divided by 1433.
497
Calculate the remainder when 1474668 is divided by 10609.
17
What is the remainder when 11668920 is divided by 4802?
60
Calculate the remainder when 815753 is divided by 20881.
1394
Calculate the remainder when 404789 is divided by 26.
21
What is the remainder when 3338765 is divided by 6856?
6749
Calculate the remainder when 1733401 is divided by 6082.
31
Calculate the remainder when 7423484 is divided by 48.
44
What is the remainder when 7338388 is divided by 58241?
22
What is the remainder when 287890 is divided by 1280?
1170
What is the remainder when 96802 is divided by 1322?
296
Calculate the remainder when 77437269 is divided by 2581242.
9
Calculate the remainder when 11148 is divided by 216.
132
Calculate the remainder when 3317212 is divided by 673.
668
Calculate the remainder when 406586 is divided by 7233.
1538
What is the remainder when 7131137 is divided by 181?
99
Calculate the remainder when 2673293 is divided by 891038.
179
Calculate the remainder when 3213713 is divided by 2667.
2645
What is the remainder when 39882443 is divided by 181?
179
Calculate the remainder when 387384 is divided by 2334.
2274
Calculate the remainder when 3311274 is divided by 1103758.
0
Calculate the remainder when 245304 is divided by 245244.
60
What is the remainder when 1757540 is divided by 2242?
2054
What is the remainder when 276894 is divided by 14?
2
Calculate the remainder when 8255 is divided by 6408.
1847
Calculate the remainder when 416439 is divided by 416431.
8
What is the remainder when 1397519 is divided by 1566?
647
What is the remainder when 195892941 is divided by 4777876?
25
What is the remainder when 171399 is divided by 171364?
35
Calculate the remainder when 16645598 is divided by 32.
30
What is the remainder when 26346645 is divided by 127?
114
Calculate the remainder when 2760150 is divided by 5848.
5742
What is the remainder when 5111306 is divided by 851879?
32
What is the remainder when 133766374 is divided by 30?
4
What is the remainder when 12342512 is divided by 6171215?
82
Calculate the remainder when 853056 is divided by 52.
48
Calculate the remainder when 7768923 is divided by 540.
483
Calculate the remainder when 28999 is divided by 3527.
783
Calculate the remainder when 411639 is divided by 9791.
417
What is the remainder when 439592 is divided by 2209?
1
Calculate the remainder when 64302 is divided by 8979.
1449
Calculate the remainder when 5580425 is divided by 529.
4
Calculate the remainder when 21527593 is divided by 862.
5
What is the remainder when 2882342 is divided by 44?
34
What is the remainder when 7338856 is divided by 1684?
1668
What is the remainder when 475931 is divided by 237929?
73
Calculate the remainder when 684827 is divided by 19565.
52
What is the remainder when 47737261 is divided by 15912415?
16
What is the remainder when 3704580 is divided by 3657?
39
Calculate the remainder when 72176 is divided by 72176.
0
Calculate the remainder when 6965131 is divided by 197.
196
Calculate the remainder when 607728 is divided by 673.
9
Calculate the remainder when 1500996 is divided by 722.
680
Calculate the remainder when 27253 is divided by 480.
373
Calculate the remainder when 6885 is divided by 1749.
1638
Calculate the remainder when 286538 is divided by 5409.
5270
What is the remainder when 897273 is divided by 149515?
183
Calculate the remainder when 9561859 is divided by 1721.
1704
Calculate the remainder when 1011855 is divided by 168570.
435
What is the remainder when 68836243 is divided by 36?
31
Calculate the remainder when 2253381 is divided by 231.
207
Calculate the remainder when 45357594 is divided by 37.
34
What is the remainder when 403184 is divided by 3447?
3332
What is the remainder when 1183070 is divided by 22322?
4
Calculate the remainder when 11444414 is divided by 11444341.
73
Calculate the remainder when 3967234 is divided by 1038.
1036
Calculate the remainder when 858713 is divided by 143107.
71
Calculate the remainder when 4608730 is divided by 666.
10
What is the remainder when 4330826 is divided by 521?
274
What is the remainder when 5778140 is divided by 37?
35
Calculate the remainder when 9395773 is divided by 449.
448
What is the remainder when 1806712 is divided by 546?
544
What is the remainder when 1198928 is divided by 406?
10
Calculate the remainder when 408526 is divided by 136170.
16
What is the remainder when 298700 is divided by 474?
80
Calculate the remainder when 18941 is divided by 545.
411
What is the remainder when 8690 is divided by 522?
338
Calculate the remainder when 52412332 is divided by 6653.
6651
Calculate the remainder when 248500 is divided by 339.
13
What is the remainder when 8296364 is divided by 48?
44
What is the remainder when 167120 is divided by 55647?
179
Calculate the remainder when 714525 is divided by 2574.
1527
What is the remainder when 4627557 is divided by 661078?
11
Calculate the remainder when 272890 is divided by 136358.
174
What is the remainder when 2810110 is divided by 75948?
34
Calculate the remainder when 3872483 is divided by 2434.
2423
Calculate the remainder when 221743 is divided by 27610.
863
What is the remainder when 1218557 is divided by 135367?
254
What is the remainder when 23868061 is divided by 9?
7
Calculate the remainder when 2205252 is divided by 1636.
1560
What is the remainder when 7861260 is divided by 179?
117
Calculate the remainder when 135459 is divided by 19297.
380
What is the remainder when 43008608 is divided by 44?
16
Calculate the remainder when 2215571 is divided by 18776.
3
Calculate the remainder when 317646834 is divided by 449.
437
What is the remainder when 3820538 is divided by 33?
29
What is the remainder when 5460248 is divided by 73?
67
Calculate the remainder when 200090 is divided by 9988.
330
What is the remainder when 3253697 is divided by 238?
237
Calculate the remainder when 37906 is divided by 6.
4
What is the remainder when 49843595 is divided by 642?
641
Calculate the remainder when 12398 is divided by 976.
686
Calculate the remainder when 1278772503 is divided by 21.
15
Calculate the remainder when 1307401 is divided by 261450.
151
What is the remainder when 538896 is divided by 31?
23
What is the remainder when 8127069 is divided by 1020?
729
Calculate the remainder when 29555563 is divided by 48.
43
Calculate the remainder when 3491370 is divided by 30098.
2
What is the remainder when 464056 is divided by 9464?
320
Calculate the remainder when 31672074 is divided by 216.
210
Calculate the remainder when 750575 is divided by 83268.
1163
Calculate the remainder when 61074 is divided by 16510.
11544
What is the remainder when 907187 is divided by 56687?
195
What is the remainder when 1568609 is divided by 261412?
137
What is the remainder when 98705156 is divided by 1689?
1685
Calculate the remainder when 34198 is divided by 31492.
2706
Calculate the remainder when 47259881 is divided by 762256.
9
What is the remainder when 226940 is divided by 467?
445
Calculate the remainder when 13184075 is divided by 4394681.
32
Calculate the remainder when 1428870 is divided